 12/(-20) - 154/10. Let p = -13 - k. What is the remainder when 12 is divided by p?
0
Suppose 2*t + 44 + 68 = 0. Let d be (-2)/(-8)*t/(-2). What is the remainder when d - -2 - (2 + -2) is divided by 4?
1
Suppose -53*p = 36*p - 15*p - 1702. Suppose 2*s + 2*s = z + 275, s + z - 65 = 0. What is the remainder when s is divided by p?
22
Suppose -3*p - 2*p - 39 = -3*k, 2*k - 4 = -4*p. What is the remainder when 83 is divided by (-18)/24 - (-182)/k?
17
Let d(a) = 3*a**2 - 15*a - 38. Calculate the remainder when d(10) is divided by 13.
8
Let v = 2 + 4. Let u = 443 + 112. Suppose v*o - o = u. Calculate the remainder when o is divided by 28.
27
Let q(f) = f + 5. Let a be q(-2). Suppose 5*n - a*p = 281, 0 = 2*n - 0*n - 5*p - 101. What is the remainder when n is divided by 15?
13
Calculate the remainder when 631 is divided by 8 - -7 - 12 - (-18)/2.
7
Let z be -5*4*(-4)/(-16). Let t = z + 12. What is the remainder when 25 is divided by t?
4
Let g = 486 - 430. Calculate the remainder when g is divided by 16.
8
Let o(w) = -w**2 - 4*w + 1. Let u be (9/(-6))/(2/4). Let k be o(u). Suppose 5*c - 2 = 4*q + 5, -2*c - 2 = -k*q. What is the remainder when c is divided by 3?
0
Let b = -1 + 117. Let c(m) = m**2 - 6*m - 10. Calculate the remainder when b is divided by c(-4).
26
Suppose 9*k = 5*k. Suppose k = -4*d + 3 + 5. Suppose 0 = -0*o - d*o + 20. Calculate the remainder when o is divided by 3.
1
Let n(l) = -2*l - 9. Let a be n(-7). Suppose a*w - 3*w = -6. Let c(k) = -k**3 + 3*k**2 + 2*k - 2. Calculate the remainder when c(w) is divided by 16.
14
Let h(o) = -o**2 + o + 26. Let q = -5 + -7. Calculate the remainder when h(0) is divided by 48/21 + 4/(-14) - q.
12
Let t(k) = 69*k - 479. Calculate the remainder when t(10) is divided by 30.
1
Suppose -4*q + 28 = -3*z - 3*q, -15 = 3*q. Let y(v) be the first derivative of -v**2/2 - 3*v + 7. What is the remainder when 22 is divided by y(z)?
6
Suppose 5*o = -116 + 426. Let p(s) = -4*s - 48. Calculate the remainder when o is divided by p(-16).
14
Suppose 0 = 6*v - 0*v - 84. What is the remainder when ((-12)/(-24))/(1/46) is divided by v?
9
Let f(d) = -2*d**2 + 12*d. What is the remainder when 17 is divided by f(5)?
7
Suppose 0 = -3*p + x + 78, -3*p + 8 = -2*x - 73. Suppose 24*t - p*t = -25. Let r = 1 + 6. Calculate the remainder when t is divided by r.
4
Let v(c) = c**2 - 15*c + 49. Let s(n) = n**2 + 7*n - 4. Let z be s(-7). What is the remainder when v(14) is divided by (-49)/z + 4/(-16)?
11
Suppose 35 = -271*l + 278*l. Calculate the remainder when 24 is divided by l.
4
Let s = 361 + 178. What is the remainder when s is divided by 36?
35
Suppose -f + 101 - 7 = 0. Suppose -2*i - f = -d, -3*i - 20 = i. Suppose 0 = -3*g - l + 82, 0 = 2*g + 4*l - 7 - 31. What is the remainder when d is divided by g?
26
Let d(c) = -c**2 + 14*c + 77. Let u be d(18). Suppose 3*v - 5*m - 125 = 0, u*v + 2*m - m - 171 = 0. Calculate the remainder when v is divided by 21.
14
Let x be 3 + ((-5)/(-5) - 2). Suppose x*u - 3*t - 26 = 16, -4*u = -4*t - 88. Suppose -a - 4*a + 345 = 0. Calculate the remainder when a is divided by u.
21
Let y = -28 + 49. Let x be (-2 + 40/(-12))*3. Let r = x - -22. Calculate the remainder when y is divided by r.
3
Let n(f) = -f**3 - 3*f**2 + 8*f - 6. Let a be n(-5). Let y(u) = -u**3 + 3*u**2 + 5*u + 9. What is the remainder when 179 is divided by y(a)?
10
Let k(v) = 3*v**3 + 15*v**2 - 19*v + 4. Calculate the remainder when 30 is divided by k(-6).
0
Calculate the remainder when (238*2/8)/((-2)/(-4)) is divided by 57.
5
Suppose 4*c = -v + 2*v - 87, -2*v - 5*c + 161 = 0. Let t = v + -47. Let q = -26 + 39. Calculate the remainder when t is divided by q.
10
Let y(q) = -q + 45. What is the remainder when 292 is divided by y(-15)?
52
Let t(s) = s**3 - 3*s**2 - 3*s + 2. Let q be t(-4). Let b = q - -100. Calculate the remainder when 8 is divided by b.
0
Let n = 81 + -59. What is the remainder when 229 is divided by n?
9
Let h be 12/9*(-3)/(-2). Suppose -4*x + 4285 = -h*l + l, 0 = -4*x - 5*l + 4279. What is the remainder when x/36 - 1/(-4) is divided by 16?
14
Suppose 2*n - 647 = -5*b + 1127, 4*n = -5*b + 1768. What is the remainder when 30 is divided by (-2 - b/(-28)) + (-4)/(-14)?
8
Suppose -k = 4*k - 25. Let g be ((-18)/k)/((-8)/(-80)). Let f = 60 + g. Calculate the remainder when 95 is divided by f.
23
Suppose u - 10 = 6*u. Let y be (-28)/u - (-2 + 6). Suppose 0 = -4*n - h + 2*h + 8, 5*n + 3*h = y. Calculate the remainder when 2 is divided by n.
0
Let i(u) = 205*u**3. Let x(d) = -4*d**2 - 31*d + 2. Calculate the remainder when i(1) is divided by x(-7).
21
Let q = -14 + 19. Suppose -m = m - 5*v - 305, q*m - 803 = -v. Suppose 2*r = -2*r + 3*i + m, -2*r + i = -78. Calculate the remainder when r is divided by 10.
7
Let n = 112 + -93. Suppose -3*f + 6 = 0, 0 = b - 5*f - 25 - 2. What is the remainder when b is divided by n?
18
Suppose -3*o - 4*l = 4 - 33, o = -5*l + 6. Let h(f) = 11*f - 2. What is the remainder when h(5) is divided by o?
9
Let b(z) = -23*z**3 - 3*z - 3. Suppose 2*k + 37 = 215. What is the remainder when k is divided by b(-1)?
20
Let l(y) = 2*y**3 + 137*y**2 + 69*y + 81. Calculate the remainder when 363 is divided by l(-68).
12
Let q = -184 + 202. Calculate the remainder when 356 is divided by q.
14
Let u = -57 - -2. Let b = u + 78. What is the remainder when 89 is divided by b?
20
Calculate the remainder when 5/1 + (-2 - -2) + 89 is divided by 14.
10
Suppose 115*a = 36*a + 5530. Let r(k) = 4*k. Calculate the remainder when a is divided by r(3).
10
Let q(d) = -d**3 - 2*d**2 - d. Let j be q(-2). Suppose 0 = -i + 1, j*i = 2*c + 1 - 15. Calculate the remainder when 12/(-9)*99/(-6) is divided by c.
6
Let l = 2 - -6. Suppose -v + 11 = -l. What is the remainder when 4/5 - (-722)/10 is divided by v?
16
Let l = -4 + 4. Suppose l = 4*c + c - 20. Let r(m) = 5*m**2 - 4*m - 10. Calculate the remainder when r(-2) is divided by c.
2
Let t(k) be the first derivative of -k**2 - 12*k - 17. Calculate the remainder when (7/2*-2)/(-1) is divided by t(-7).
1
Let y(g) = g**3 + 25*g**2 + 46*g + 12. What is the remainder when 80 is divided by y(-23)?
8
Let i = -68 - -72. Suppose -1070 = -5*h - 5*l, 6*l - 211 = -h + i*l. What is the remainder when h is divided by 22?
19
Let m = -51 + 111. Let u = 46 + -79. Let c = u - -49. Calculate the remainder when m is divided by c.
12
Let n be (-2)/(-2 + (-128)/(-66)). Suppose -2*w + 11 = -0*m - m, -5*w - 3*m = -n. Suppose -j + 119 = w*j. Calculate the remainder when 82 is divided by j.
14
Suppose 11*y - 7*y - 1224 = 0. What is the remainder when y is divided by 35?
26
Let x = 373 + -364. Let r be (-2)/3 - (-654)/9. Suppose -r = -5*d + 2*d. What is the remainder when d is divided by x?
6
Let n = -128 - -239. Calculate the remainder when n is divided by (-5)/20*(-18 - 2) - -23.
27
Suppose -4*o + 7*o + 84 = 2*w, -193 = -5*w - o. Calculate the remainder when 152 is divided by w.
35
Let g(j) = 69*j**2 - 13*j + 1. What is the remainder when 95 is divided by g(1)?
38
Let o be 1 + 2*-2 - -5. Suppose -o*r = 16 - 54. Suppose -k - 2*b + 29 = -2, 0 = -k + b + r. What is the remainder when k is divided by 8?
7
Suppose 6*z - 9 = 3*z. Suppose -z*w + 36 = -15. Calculate the remainder when w is divided by 9.
8
Let r = -297 + 375. What is the remainder when r is divided by 10?
8
Suppose -4*q + 329 = s - 834, 0 = -2*s + 6. Calculate the remainder when q is divided by 97.
96
Let v be (-5 - -4)/((-2)/32). Let y(j) = j + 1. Calculate the remainder when 66 is divided by y(v).
15
Suppose 3*p + 0*p = 0. Suppose p = -4*b - 2*b + 156. What is the remainder when 51 is divided by b?
25
Let j(v) = v**3 + 13*v**2 + 15*v - 9. Let n be j(-11). Let y = -41 + n. Calculate the remainder when y is divided by 4.
3
Suppose 3*v - 13 = 59. Let p = v - 10. Let w = 131 + -105. Calculate the remainder when w is divided by p.
12
Suppose 4*j = -2*x + 20, -4 = x - 5*j - 7. Calculate the remainder when 22 is divided by x.
6
Let o = 88 + -24. Suppose o = 6*l - 62. Calculate the remainder when 59 is divided by l.
17
Let o(i) = i + 10. Let n be o(-11). Let r be n*(3 + 0) + 8. Suppose 4*m - 3*z - 378 = -0*z, -3*z = r*m - 459. What is the remainder when m is divided by 24?
21
Let h be -73 - (18/(-12))/(1/(-2)). Let s = 199 - h. What is the remainder when s 